{"id":80,"date":"2022-03-26T22:33:12","date_gmt":"2022-03-26T21:33:12","guid":{"rendered":"https:\/\/kinderbasar-schwanstetten.de\/?page_id=80"},"modified":"2026-03-15T12:19:08","modified_gmt":"2026-03-15T11:19:08","slug":"info-fuer-kaeufer","status":"publish","type":"page","link":"https:\/\/kinderbasar-schwanstetten.de\/?page_id=80","title":{"rendered":"Info f\u00fcr K\u00e4ufer"},"content":{"rendered":"\n<p>Unser Basar findet jetzt zum dritten Mal in der Gemeindehalle Schwanstetten am Samstag, 11.04.2026 von 14:30 bis 17:00 Uhr statt. F\u00fcr Schwangere und Helfer mit je einer Begleitperson ist bereits ab 13:45 Uhr Einlass.<\/p>\n\n\n\n<p>Auf unserem Basar findet ihr alles Rund ums Kind, Schwangerschaft und Stillzeit. Vom ersten Body bis Hoodies f\u00fcr Teenies gibt es alles. Spielsachen f\u00fcr Drinnen und Drau\u00dfen, B\u00fccher, Kinderwagen und vieles mehr:<\/p>\n\n\n\n<p>\u2022 Babyausstattung &amp; Schwangerschaftszubeh\u00f6r<br>\u2022 B\u00fccher<br>\u2022 CDs, DVDs, Tonies und Tigercards<br>\u2022 Kinderkleidung bis Gr\u00f6\u00dfe 176 (nur saisonal passende Kleidung; andere Artikel werden nicht ausgelegt)<br>\u2022 (Turn-) Schuhe &amp; Turnschl\u00e4ppchen (maximal 3 Paar pro Verk\u00e4uferin)<br>\u2022 Spielsachen, Spielzeug, Puzzles<br>\u2022 Babyspielzeug (aus Hygienegr\u00fcnden bitte ausschlie\u00dflich waschbares Spielzeug! Anderes wird nicht ausgelegt)<br>\u2022 Konsolenspiele (nur mit FSK unter 18 Jahren)<br>\u2022 Kinderwagen und Buggys<br>\u2022 Kindersitze, die nach ECE R44\/04 oder ECE R129 zugelassen sind<br>\u2022 Kinderzimmerzubeh\u00f6r<br>\u2022 Sonstiges, das Kinder betrifft!<br>\u2022 Kuscheltiere (max. 2 St\u00fcck)<br>\u2022 Saisonale Outdoorartikel<\/p>\n\n\n\n<p><strong>Wir m\u00fcssen euch bitten keine Kinderwagen, R\u00fccks\u00e4cke und gro\u00dfe Taschen mehr mit in die Halle zu nehmen. Diese Bitte entsteht aus der Erfahrung unserer letzten beiden Basare und wir bedanken uns f\u00fcr euer Verst\u00e4ndnis.<\/strong><\/p>\n\n\n\n<p><mark style=\"background-color:rgba(0, 0, 0, 0)\" class=\"has-inline-color has-button-color-color\"><span class=\"underline\" style=\"text-decoration: underline;\"><strong>Adresse:<\/strong><\/span><\/mark><\/p>\n\n\n\n<p><span class=\"tadv-color\" style=\"color:#0066CC\"><strong>Gemeindehalle Schwanstetten<br>Rathausplatz 2<br>90596 Schwanstetten<\/strong><\/span><\/p>\n\n\n\n<p><\/p>\n","protected":false},"excerpt":{"rendered":"<p>Unser Basar findet jetzt zum dritten Mal in der Gemeindehalle Schwanstetten am Samstag, 11.04.2026 von 14:30 bis 17:00 Uhr statt. F\u00fcr Schwangere und Helfer mit je einer Begleitperson ist bereits ab 13:45 Uhr Einlass. Auf unserem Basar findet ihr alles &hellip;<\/p>\n<p class=\"read-more\"> <a class=\"more-link\" href=\"https:\/\/kinderbasar-schwanstetten.de\/?page_id=80\"> <span class=\"screen-reader-text\">Info f\u00fcr K\u00e4ufer<\/span> Weiterlesen &raquo;<\/a><\/p>\n","protected":false},"author":1,"featured_media":0,"parent":0,"menu_order":10,"comment_status":"closed","ping_status":"closed","template":"","meta":{"footnotes":""},"class_list":["post-80","page","type-page","status-publish","hentry"],"jetpack_sharing_enabled":true,"_links":{"self":[{"href":"https:\/\/kinderbasar-schwanstetten.de\/index.php?rest_route=\/wp\/v2\/pages\/80","targetHints":{"allow":["GET"]}}],"collection":[{"href":"https:\/\/kinderbasar-schwanstetten.de\/index.php?rest_route=\/wp\/v2\/pages"}],"about":[{"href":"https:\/\/kinderbasar-schwanstetten.de\/index.php?rest_route=\/wp\/v2\/types\/page"}],"author":[{"embeddable":true,"href":"https:\/\/kinderbasar-schwanstetten.de\/index.php?rest_route=\/wp\/v2\/users\/1"}],"replies":[{"embeddable":true,"href":"https:\/\/kinderbasar-schwanstetten.de\/index.php?rest_route=%2Fwp%2Fv2%2Fcomments&post=80"}],"version-history":[{"count":27,"href":"https:\/\/kinderbasar-schwanstetten.de\/index.php?rest_route=\/wp\/v2\/pages\/80\/revisions"}],"predecessor-version":[{"id":586,"href":"https:\/\/kinderbasar-schwanstetten.de\/index.php?rest_route=\/wp\/v2\/pages\/80\/revisions\/586"}],"wp:attachment":[{"href":"https:\/\/kinderbasar-schwanstetten.de\/index.php?rest_route=%2Fwp%2Fv2%2Fmedia&parent=80"}],"curies":[{"name":"wp","href":"https:\/\/api.w.org\/{rel}","templated":true}]}}